w) = 5*w + 4 + w**2 - 5*w - 6*w. What is c(o)?
-5
Suppose 11*c - n = 6*c + 13, -21 = -3*c + 5*n. Let d(h) = 2*h**2 - 4*h + 11. Let y(x) = x**2 - 2*x + 5. Let z(a) = -4*d(a) + 9*y(a). What is z(c)?
1
Let s(n) = -2*n**2 + n - 2. Let j be 0 - (-6)/(-3) - -7. Suppose 8 = j*u + x, -4*u + 4*x + x = -18. What is s(u)?
-8
Suppose 0 = -0*j - j + 16. Suppose u = -u + j. Let n(s) = 1 + u - s + 0 - 3. Determine n(6).
0
Let x(l) be the first derivative of l**3/3 + 2*l**2 - 224. Suppose 2*m = 5*m. Let b(z) = z**2 - 2. Let a be b(m). Calculate x(a).
-4
Let a(u) = u + 8. Let z(i) = -i**2 + 11*i. Let s be z(11). Calculate a(s).
8
Let w(g) be the second derivative of g**5/60 - g**4/6 - g**3 + 6*g. Let r(s) be the second derivative of w(s). Give r(6).
8
Let j be 6/9 + (-28)/6. Let z(v) = v**2 + 3*v - 1. Let x be z(j). Let b(w) = -x*w + w**2 + w - 3 - 3*w. What is b(5)?
-3
Let y(a) be the third derivative of -a**5/60 - a**4/3 + 2*a**3/3 - 44*a**2. Determine y(-8).
4
Let m(z) = -1 + 6*z**2 + 2 + 6*z + 0*z**2 - 5*z**2. What is m(-5)?
-4
Let b = 5 - 3. Let j(l) = -10*l + 6. Let g(z) = 5*z - 3. Let y(s) = 7*g(s) + 3*j(s). Give y(b).
7
Let t be (-4)/6 + 13/(-3). Let y(q) = -q**2 - 7*q - 6. Let l be y(t). Let g(p) = -159*p**2 - 2 - 3*p + 7*p + 1 + 158*p**2. What is g(l)?
-1
Suppose 4*c - 9 = 43. Let l(x) = -2*x**2 - 5 - x + x**2 + c - 5*x. Calculate l(-6).
8
Let p(z) be the first derivative of 1 - 3*z - z**3 - 1/2*z**2 + 1/4*z**4. Let g be -5*((-8)/(-20) + 2 + -3). Determine p(g).
-6
Let t(w) = -6*w**2 - w + 4. Let d(l) = -l**2 - l. Let s(b) = 5*d(b) - t(b). Suppose 11*u + 24 = 68. Calculate s(u).
-4
Let o(i) = i**3 - 4*i**2 - 5*i. Let r(v) = 7*v**3 - 2*v**2 + v - 1. Let g be r(1). Give o(g).
0
Suppose 5*t - 10 = 4*s - s, -3*t + 3*s + 6 = 0. Let c(f) = -t*f + f - f**2 - f - 3*f + 2. Calculate c(-5).
2
Let b(c) = 12*c**2 + 2*c + 7. Let v(l) = 7*l**3 + l**2 + l + 1. Let f be v(-1). Let q(h) = -h**2 + 1. Let z(p) = f*q(p) + b(p). What is z(-1)?
17
Let t(j) be the third derivative of j**4/24 + j**3/6 + 3*j**2. Let z(f) = -4*f. Let n(p) = -2*t(p) - z(p). What is n(-3)?
-8
Let w be (-1)/(2 + -1) - 0. Let i be (4/5)/((-2)/(-5)). Let k(d) = -d + i*d + 3 - 2 + 0*d. Determine k(w).
0
Suppose z - 4*a = 17, z + 23 - 4 = -5*a. Let f = z + -2. Let w be ((-2)/6)/(f/(-6)). Let d(m) = m**3 + 5*m**2 + m - 2. Calculate d(w).
8
Let l = -69 + 76. Let a(u) = u**3 - 8*u**2 + 5*u - 9. Determine a(l).
-23
Let q(u) = 10*u**3 - 4*u**2 + u - 1. Let v(h) = -10*h**3 + 5*h**2 - 2*h + 1. Let j(y) = -4*q(y) - 3*v(y). Let o = -1 + 0. Calculate j(o).
10
Let x = -10 + 6. Let p(v) be the second derivative of v**5/30 + v**4/4 + v**3/6 + 2*v**2 - 2*v. Let y(b) be the first derivative of p(b). Determine y(x).
9
Let t(r) = -r - 6. Let z(v) = v**2 + 3*v - 3. Let s be z(-2). What is t(s)?
-1
Let o(w) = -w - 1. Let s be o(-4). Suppose -5 - 1 = s*i. Let f(g) = -2*g**3 - g**2 - 2. Give f(i).
10
Suppose 0 = h - 2*s + 6, -40 + 10 = 5*h + 2*s. Let f(n) = -n - 4. Calculate f(h).
2
Let m(b) = -14*b - 7. Let s(w) = -3*w - 2. Let c(i) = 2*m(i) - 9*s(i). Calculate c(-4).
8
Let a(x) = 2*x + 2. Suppose 5*c + c = 36. What is a(c)?
14
Let z(p) = -10*p**2 - p. Suppose 0 = -2*m - 35 + 33. Give z(m).
-9
Let j(d) = -d**2 + 6*d + 4. Let s = 33 - 23. Let i be 54/s - 8/20. Give j(i).
9
Let s = 3 - 7. Let y be (-10)/s - 6/4. Let n(r) = -5*r**2 + r - 1. What is n(y)?
-5
Let g(s) be the second derivative of -s**4/12 + 3*s**3/2 - 9*s**2/2 + 17*s. Let z = -6 + 12. Give g(z).
9
Let p be (-5)/(15/6) + 10. Let w = -6 + p. Let m(u) = -u**w + 4*u**2 - 2*u**2 + 7 - 4*u + 12*u. What is m(-5)?
-8
Let j(u) = u**2 + u. Let r(l) = -5*l + 1. Let z(c) = -j(c) - r(c). Give z(5).
-6
Let b(v) = -2*v - 4. Suppose 2*y = -3*l - 26, -5*y = -0*y + l + 39. Determine b(y).
10
Let t(k) = 12*k**2 + 6*k + k**2 - 7*k**2 - 8*k**2 - 3. What is t(4)?
-11
Let t(l) = l**3 - 2*l**2 + l - 1. Let z(x) = x**3 + 0 + 2*x - 4*x + 2*x**2 + 1. Let c be z(1). Suppose -w = c*o - 3*w - 12, 27 = 2*o - 5*w. Calculate t(o).
-1
Let m(c) = -c**2 - 5*c - 3. Let g be m(-4). Let z(n) = 3*n**2 - n + 1. What is z(g)?
3
Suppose -5*c + 20 = -5*b, -2*b = -5*c - 3*b + 8. Let t(x) = 1 - x**3 - 4*x**2 - c*x + 0*x**3 + 7*x**3 - 7*x**3. Determine t(-3).
-2
Let j(l) = -l - 4*l + 4*l - 1 + 6. Let m = -85 + 93. What is j(m)?
-3
Let p(q) = -18*q - 12*q - 8 + 28*q. Calculate p(-6).
4
Let u(s) = -s**3 + 8*s**2 - 7*s - 5. Suppose -2*o = 2*v - 5*v + 25, 0 = 5*v + 4*o - 27. Give u(v).
-5
Let u(r) = r**2 - 11*r + 2. Let z(w) = w + 1. Let h be (-1 + 2)*1 - 5. Let a(v) = h*z(v) - u(v). Suppose d - 18 = -2*i - d, -4*d = 5*i - 41. Determine a(i).
4
Let g(r) = -r**2 + 5*r + 6. Let o = 9 + -4. Determine g(o).
6
Let t(u) = -10*u**3 + 8*u**2 + 25*u - 3. Let y(h) = -3*h**3 + 3*h**2 + 8*h - 1. Let z(n) = 2*t(n) - 7*y(n). What is z(6)?
1
Let s(c) be the third derivative of -c**5/12 + c**4/24 + 31*c**2. What is s(1)?
-4
Suppose 3*b = -0*b + 5*w - 7, -3*b + 23 = w. Suppose -5*u = -3*u - b. Let d(n) = -2*n. Give d(u).
-6
Let i be (-28)/(-8)*2/14. Let z(s) be the second derivative of 0 - 1/20*s**5 + 2*s + i*s**2 - 1/12*s**4 + 0*s**3. Give z(-1).
1
Suppose 0 = b + 4*f + 22, 5*b - 2*b = f - 14. Let p be ((-10)/b)/((-2)/6). Let a(h) = -2*h**2 - 2*h - 2 + h**2 - 3*h + 0. Give a(p).
-2
Let c(x) = -x**2 + 5*x + 5. Suppose -2*q - 8 = -0*q, 2*q = -4*p + 8. Suppose -3*t - 2*t = p*w - 14, -28 = -3*w + 5*t. What is c(w)?
-1
Let d(y) = -y**3 + 4*y**2 + 7*y - 7. Suppose -23 - 1 = -2*r. Let w = -7 + r. What is d(w)?
3
Let n(c) = -2*c - 1. Let s(t) = -3*t - 40. Let a be s(-14). Calculate n(a).
-5
Let j be 60/27 - 4/18. Let n(d) = 1 + 2*d - 2*d**j + 6*d**2 - 2*d**2 - 3*d**2. Let p(l) = -l - 1. Let k be p(-3). What is n(k)?
1
Let y(r) = r**3 + 4*r**2 + r. Let t(n) = n**3 + 14*n**2 + 15*n + 24. Let u be t(-13). Calculate y(u).
6
Let z(q) = q + 9 - q - 3*q + 0*q - q**3 + 6*q**2. Determine z(6).
-9
Let i be 68/5 + 2/5. Let c(f) = 5*f + 2. Let j(r) = -24*r - 11. Let m(t) = -11*c(t) - 2*j(t). Let y(v) = 20*v. Let x(p) = i*m(p) + 5*y(p). Give x(5).
10
Let v = -9 - -3. Let n(z) = -z**3 - 3*z - 5*z**2 + 9 + 11*z - 3 + 0*z. Give n(v).
-6
Let q(a) = -a**2 - 7*a - 2. Let b = -9 - -19. Suppose -4*h - 10 = b. Determine q(h).
8
Let t(o) be the first derivative of o**2/2 + 17. What is t(2)?
2
Suppose 0 = 3*i - 2 - 1. Let l(z) = -4*z**2 - i + 1 + 3*z**2. Calculate l(2).
-4
Let r(x) = x**3 - 7*x**2 - x - 4. Suppose -g + 10 = p, 4*p + 3 = 4*g - 13. Give r(g).
-11
Let o(h) = -3*h**2 + 2*h - 3. Let a(k) = -k**2 + k - 1. Let m(p) = 7*a(p) - 2*o(p). Calculate m(2).
1
Let u(w) = 3*w**2 - 5*w - 7. Suppose 3 = 2*m - 5*t - 2, -3*t + 3 = 0. Let k(d) = -2*d**2 + 3*d + 3. Let x(g) = m*k(g) + 3*u(g). Give x(0).
-6
Let r(z) = -z**2 - 6*z - 7. Let o(h) = h**3 + 8*h**2 + h - 8. Let n be o(-8). Let b = n - -11. Calculate r(b).
-2
Suppose 0 = -k + g - 3, 0*k - 5*k - g = -9. Let o be (1 + 1 - 2)/k. Suppose -c - 4*l - 18 = o, -5*c - 5*l + 20 = -7*l. Let h(j) = -2*j**2 + j - 1. What is h(c)?
-7
Let r(n) = -n**2 - 6*n - 5. Let q(x) = -2*x + 1. Let j be q(3). Calculate r(j).
0
Let y(u) be the second derivative of u**5/20 + u**4/12 + 19*u**2/2 - 16*u. What is y(0)?
19
Let h(i) = -12*i + 18*i - 3 + 0 - i**2. Calculate h(5).
2
Suppose 0 = 2*o - 3*p + 6 - 2, o + 2 = p. Let u be (o/4)/(3/(-18)). Suppose u = 4*n - n. Let a(f) = -3*f. Give a(n).
-3
Let p(m) = 3*m**3 - 3*m**2 + 3*m + 3. Let o(z) = -z**3 - z - 1. Let k(n) = -2*o(n) - p(n). Let c be (1/3)/((-1)/(-6)). What is k(c)?
1
Let z(k) = 13*k + 77. Let u be z(-6). Let i(l) = -l**3 + l**2 - 1. Determine i(u).
1
Let f be 2/5 - 36/15. Let x be 1 - 2 - (-3 - f). Let s(l) = -2*l + 11 + l + x*l - 3. What is s(4)?
4
Let n(s) = -s**3 + 5*s**2 - 6. Let x be (1 + -4)/(6/(-20)). Let i = x + -5. Calculate n(i).
-6
Let k(t) be the second derivative of -1/6*t**3 + 0*t**2 - 2*t + 0. Let h = 7 - 3. Give k(h).
-4
Let t(v) = -v + 3. Suppose 2*o = -o - 2*h - 19, -5*o = -5*h - 10. Let f(y) = -y + 5. Let m(n) = o*f(n) + 5*t(n). Give m(-2).
4
Let d(c) = -c**3 + c**2 + c - 4. Let v(a) = 3*a**3 - 8*a**2 - 5*a + 6. Let i be v(3). Determine d(i).
-4
Let p(g) = 23*g**3 - 5*g**2 + 3*g + 5. Let h(i) = -35*i**3 + 8*i**2 - 5*i - 8. Let y(u) = 5*h(u) + 8*p(u). Let j = -3 - -2. What is y(j)?
-8
Let f be (-1*1)/(1/(-1)). Let s(h) = 2 - 3 + 3*h + f. Calculate s